{"id":172,"date":"2023-09-24T18:41:25","date_gmt":"2023-09-24T16:41:25","guid":{"rendered":"https:\/\/taxivillaviciosa.net\/?page_id=172"},"modified":"2023-11-19T14:18:37","modified_gmt":"2023-11-19T13:18:37","slug":"tarifas-taxi-villaviciosa","status":"publish","type":"page","link":"https:\/\/taxivillaviciosa.net\/index.php\/tarifas-taxi-villaviciosa\/","title":{"rendered":"Tarifas Taxi"},"content":{"rendered":"\n<h1 class=\"wp-block-heading\"><strong>Tarifas Taxi Villaviciosa<\/strong><\/h1>\n\n\n<div class=\"wp-block-image\">\n<figure class=\"aligncenter size-full\"><img loading=\"lazy\" decoding=\"async\" width=\"600\" height=\"33\" src=\"https:\/\/taxivillaviciosa.net\/wp-content\/uploads\/1486950584.gif\" alt=\"\" class=\"wp-image-75\" title=\"\"><\/figure><\/div>\n\n\n<p>\u00a1Viaja con confianza con las tarifas Taxi Villaviciosa!. Descubre la mejor opci\u00f3n de transporte en la zona con Taxi Villaviciosa. Nuestro servicio garantiza comodidad, rapidez y seguridad en cada trayecto. <\/p>\n\n\n\n<h2 class=\"wp-block-heading has-text-align-center has-medium-font-size\"><strong>Tarifas Taxi, precios aproximados desde el centro de Villaviciosa<\/strong><\/h2>\n\n\n<div class=\"gb-container gb-container-e7996b70\">\n<div class=\"gb-container gb-container-589c3b98\">\n<div class=\"wp-block-image\">\n<figure class=\"alignleft size-large is-resized\"><img loading=\"lazy\" decoding=\"async\" width=\"500\" height=\"1024\" src=\"https:\/\/taxivillaviciosa.net\/wp-content\/uploads\/taxi-villlaviciosa-recorido-500x1024.png\" alt=\"\" class=\"wp-image-186\" style=\"width:502px;height:1029px\" title=\"\" srcset=\"https:\/\/taxivillaviciosa.net\/wp-content\/uploads\/taxi-villlaviciosa-recorido-500x1024.png 500w, https:\/\/taxivillaviciosa.net\/wp-content\/uploads\/taxi-villlaviciosa-recorido-147x300.png 147w, https:\/\/taxivillaviciosa.net\/wp-content\/uploads\/taxi-villlaviciosa-recorido-768x1572.png 768w, https:\/\/taxivillaviciosa.net\/wp-content\/uploads\/taxi-villlaviciosa-recorido-751x1536.png 751w, https:\/\/taxivillaviciosa.net\/wp-content\/uploads\/taxi-villlaviciosa-recorido-1001x2048.png 1001w, https:\/\/taxivillaviciosa.net\/wp-content\/uploads\/taxi-villlaviciosa-recorido.png 1080w\" sizes=\"auto, (max-width: 500px) 100vw, 500px\" \/><\/figure><\/div>\n<\/div>\n<\/div>\n\n\n<p><\/p>\n\n\n\n<h2 class=\"wp-block-heading has-text-align-center has-base-3-color has-accent-background-color has-text-color has-background has-medium-font-size\"><strong>A la Terminal 4: 65,00 \u20ac  <\/strong><\/h2>\n\n\n\n<p><\/p>\n\n\n\n<h2 class=\"wp-block-heading has-text-align-center has-base-3-color has-accent-background-color has-text-color has-background has-medium-font-size\"><strong>A la Tetminal 2: 60,00 \u20ac <\/strong><\/h2>\n\n\n\n<p><\/p>\n\n\n\n<h2 class=\"wp-block-heading has-text-align-center has-base-3-color has-accent-background-color has-text-color has-background has-medium-font-size\"><strong>A la Terminal 1: 55,00 \u20ac <\/strong><\/h2>\n\n\n\n<p class=\"has-accent-color has-text-color\">Estos precios son estimaciones y pueden variar seg\u00fan detalles espec\u00edficos y requerimientos adicionales. Para obtener un precio final y preciso, te invitamos a llamarnos directamente. \u00a1Estaremos encantados de proporcionarte un precio personalizado! \ud83d\udcde<\/p>\n\n\n\n<p class=\"has-text-align-center has-accent-color has-text-color has-medium-font-size\"><strong> LLAMAR 640 257 504<\/strong><\/p>\n\n\n\n<p><\/p>\n\n\n\n<h2 class=\"wp-block-heading has-text-align-center has-base-3-color has-accent-background-color has-text-color has-background has-medium-font-size\"><strong>Estacion de Chamart\u00edn  55,00 \u20ac <\/strong><\/h2>\n\n\n\n<p><\/p>\n\n\n\n<h2 class=\"wp-block-heading has-text-align-center has-base-3-color has-accent-background-color has-text-color has-background has-medium-font-size\"><strong>Estacion de Atocha 45,00 \u20ac <\/strong><\/h2>\n\n\n\n<p><\/p>\n\n\n\n<h2 class=\"wp-block-heading\"><\/h2>\n\n\n\n<p><\/p>\n\n\n<div class=\"wp-block-image\">\n<figure class=\"aligncenter size-full\"><img loading=\"lazy\" decoding=\"async\" width=\"600\" height=\"33\" src=\"https:\/\/taxivillaviciosa.net\/wp-content\/uploads\/1486950584.gif\" alt=\"\" class=\"wp-image-75\" title=\"\"><\/figure><\/div>\n\n\n<h2 class=\"wp-block-heading\"><strong>Tarifas prestaci\u00f3n servicio del taxi<\/strong><\/h2>\n\n\n<div class=\"gb-container gb-container-6d08ff8b\">\n<div class=\"gb-container gb-container-5e42ef8f\">\n<div class=\"gb-container gb-container-62c39188\">\n<div class=\"wp-block-image\">\n<figure class=\"alignright size-full is-resized\"><img loading=\"lazy\" decoding=\"async\" width=\"700\" height=\"529\" src=\"https:\/\/taxivillaviciosa.net\/wp-content\/uploads\/Tarifas-Taxi-villaviciosa.png\" alt=\"\" class=\"wp-image-188\" style=\"width:315px;height:238px\" title=\"\" srcset=\"https:\/\/taxivillaviciosa.net\/wp-content\/uploads\/Tarifas-Taxi-villaviciosa.png 700w, https:\/\/taxivillaviciosa.net\/wp-content\/uploads\/Tarifas-Taxi-villaviciosa-300x227.png 300w\" sizes=\"auto, (max-width: 700px) 100vw, 700px\" \/><\/figure><\/div>\n<\/div>\n<\/div>\n<\/div>\n\n\n<ol class=\"wp-block-list\">\n<li><strong>Tarifa Fija de Taxi Villaviciosa: \u00bfQu\u00e9 es?<\/strong> La tarifa fija, tambi\u00e9n conocida como precio cerrado de taxi en Villaviciosa, es una modalidad que permite al pasajero acordar un importe establecido para un recorrido espec\u00edfico entre dos puntos.<\/li>\n\n\n\n<li><strong>\u00bfCu\u00e1nto pagar\u00e9 al concluir mi viaje en Taxi Villaviciosa?<\/strong> Para 2023, tanto la Comunidad como el Ayuntamiento de Madrid han establecido una normativa para la tarifa fija de Taxi Villaviciosa: una vez se acuerda el precio y es aceptado por el cliente antes de iniciar el servicio, este monto es definitivo, inamovible y obligatorio. Ni el intermediario, ni el titular de la licencia, ni el conductor, ni el cliente pueden alterarlo.<\/li>\n\n\n\n<li><strong>Modificaciones en el recorrido con tarifa fija en Taxi Villaviciosa: \u00bfEs posible?<\/strong> No se permite alterar los puntos de inicio y fin en los servicios de Taxi Villaviciosa con tarifa fija. No se admiten detenciones intermedias ni esperas. Cualquier cambio en el recorrido o paradas adicionales invalida autom\u00e1ticamente la tarifa fija, resultando en un costo basado en el tax\u00edmetro, que generalmente es mayor.<\/li>\n\n\n\n<li><strong>Ventajas de la tarifa fija en Taxi Villaviciosa para los pasajeros<\/strong> Optar por la tarifa fija en Taxi Villaviciosa garantiza un precio establecido sin sorpresas, independientemente de imprevistos como atascos, accidentes o alta demanda (a diferencia de servicios como Uber o Cabify). Adem\u00e1s, ofrece la tranquilidad de conocer el costo con antelaci\u00f3n.<\/li>\n\n\n\n<li><strong>\u00bfCu\u00e1ndo no puedo optar por la tarifa fija en Taxi Villaviciosa?<\/strong> La tarifa fija es aplicable solo para trayectos dentro del \u00c1rea de Prestaci\u00f3n Conjunta de Madrid (APC). Fuera de esta zona, el precio es una estimaci\u00f3n. Con nuestra herramienta de c\u00e1lculo de tarifa fija, obtendr\u00e1s toda la informaci\u00f3n necesaria al momento de determinar tu precio.<\/li>\n<\/ol>\n\n\n\n<div class=\"wp-block-columns is-layout-flex wp-container-core-columns-is-layout-2 wp-block-columns-is-layout-flex\">\n<div class=\"wp-block-column is-layout-flow wp-block-column-is-layout-flow\">\n<div class=\"wp-block-media-text is-stacked-on-mobile\" style=\"grid-template-columns:23% auto\"><figure class=\"wp-block-media-text__media\"><a href=\"https:\/\/www.madrid.es\/portales\/munimadrid\/es\/Entidades\/Taxi\/?vgnextfmt=default&amp;vgnextoid=4813dc0bffa41110VgnVCM1000000b205a0aRCRD&amp;vgnextchannel=0106192e91943110VgnVCM2000000c205a0aRCRD&amp;idCapitulo=11086871\" target=\"_blank\" rel=\"noreferrer noopener nofollow\"><img loading=\"lazy\" decoding=\"async\" width=\"1024\" height=\"768\" src=\"https:\/\/taxivillaviciosa.net\/wp-content\/uploads\/escudo-ayuntamiento-de-madrid-taxi-villaviciosa-1024x768.png\" alt=\"\" class=\"wp-image-189 size-full\" title=\"\" srcset=\"https:\/\/taxivillaviciosa.net\/wp-content\/uploads\/escudo-ayuntamiento-de-madrid-taxi-villaviciosa-1024x768.png 1024w, https:\/\/taxivillaviciosa.net\/wp-content\/uploads\/escudo-ayuntamiento-de-madrid-taxi-villaviciosa-300x225.png 300w, https:\/\/taxivillaviciosa.net\/wp-content\/uploads\/escudo-ayuntamiento-de-madrid-taxi-villaviciosa-768x576.png 768w, https:\/\/taxivillaviciosa.net\/wp-content\/uploads\/escudo-ayuntamiento-de-madrid-taxi-villaviciosa.png 1200w\" sizes=\"auto, (max-width: 1024px) 100vw, 1024px\" \/><\/a><\/figure><div class=\"wp-block-media-text__content\">\n<h2 class=\"wp-block-heading has-text-align-center\"><strong><a href=\"https:\/\/www.madrid.es\/portales\/munimadrid\/es\/Entidades\/Taxi\/?vgnextfmt=default&amp;vgnextoid=4813dc0bffa41110VgnVCM1000000b205a0aRCRD&amp;vgnextchannel=0106192e91943110VgnVCM2000000c205a0aRCRD&amp;idCapitulo=11086871\" rel=\"nofollow noopener\" target=\"_blank\">Tarias oficiales<\/a><\/strong><\/h2>\n<\/div><\/div>\n<\/div>\n\n\n\n<div class=\"wp-block-column is-layout-flow wp-block-column-is-layout-flow\">\n<div class=\"wp-block-columns is-layout-flex wp-container-core-columns-is-layout-1 wp-block-columns-is-layout-flex\">\n<div class=\"wp-block-column is-layout-flow wp-block-column-is-layout-flow\"><\/div>\n\n\n\n<div class=\"wp-block-column is-layout-flow wp-block-column-is-layout-flow\"><div class=\"wp-block-image\">\n<figure class=\"aligncenter size-full\"><a href=\"https:\/\/taxivillaviciosa.net\/\"><img loading=\"lazy\" decoding=\"async\" width=\"378\" height=\"378\" src=\"https:\/\/taxivillaviciosa.net\/wp-content\/uploads\/INICIO.png\" alt=\"\" class=\"wp-image-192\" title=\"\" srcset=\"https:\/\/taxivillaviciosa.net\/wp-content\/uploads\/INICIO.png 378w, https:\/\/taxivillaviciosa.net\/wp-content\/uploads\/INICIO-300x300.png 300w, https:\/\/taxivillaviciosa.net\/wp-content\/uploads\/INICIO-150x150.png 150w\" sizes=\"auto, (max-width: 378px) 100vw, 378px\" \/><\/a><figcaption class=\"wp-element-caption\"><a href=\"https:\/\/taxivillaviciosa.net\/index.php\/tarifas-taxi-villaviciosa\/\" data-type=\"page\" data-id=\"172\">Inicio<\/a><\/figcaption><\/figure><\/div><\/div>\n\n\n\n<div class=\"wp-block-column is-layout-flow wp-block-column-is-layout-flow\"><\/div>\n<\/div>\n<\/div>\n<\/div>\n","protected":false},"excerpt":{"rendered":"<p>Tarifas Taxi Villaviciosa \u00a1Viaja con confianza con las tarifas Taxi Villaviciosa!. Descubre la mejor opci\u00f3n de transporte en la zona con Taxi Villaviciosa. Nuestro servicio garantiza comodidad, rapidez y seguridad en cada trayecto. Tarifas Taxi, precios aproximados desde el centro de Villaviciosa A la Terminal 4: 65,00 \u20ac A la Tetminal 2: 60,00 \u20ac A &#8230; <a title=\"Tarifas Taxi\" class=\"read-more\" href=\"https:\/\/taxivillaviciosa.net\/index.php\/tarifas-taxi-villaviciosa\/\" aria-label=\"M\u00e1s en Tarifas Taxi\">Leer m\u00e1s<\/a><\/p>\n","protected":false},"author":1,"featured_media":0,"parent":0,"menu_order":0,"comment_status":"closed","ping_status":"closed","template":"","meta":{"footnotes":""},"class_list":["post-172","page","type-page","status-publish"],"amp_enabled":true,"_links":{"self":[{"href":"https:\/\/taxivillaviciosa.net\/index.php\/wp-json\/wp\/v2\/pages\/172","targetHints":{"allow":["GET"]}}],"collection":[{"href":"https:\/\/taxivillaviciosa.net\/index.php\/wp-json\/wp\/v2\/pages"}],"about":[{"href":"https:\/\/taxivillaviciosa.net\/index.php\/wp-json\/wp\/v2\/types\/page"}],"author":[{"embeddable":true,"href":"https:\/\/taxivillaviciosa.net\/index.php\/wp-json\/wp\/v2\/users\/1"}],"replies":[{"embeddable":true,"href":"https:\/\/taxivillaviciosa.net\/index.php\/wp-json\/wp\/v2\/comments?post=172"}],"version-history":[{"count":16,"href":"https:\/\/taxivillaviciosa.net\/index.php\/wp-json\/wp\/v2\/pages\/172\/revisions"}],"predecessor-version":[{"id":430,"href":"https:\/\/taxivillaviciosa.net\/index.php\/wp-json\/wp\/v2\/pages\/172\/revisions\/430"}],"wp:attachment":[{"href":"https:\/\/taxivillaviciosa.net\/index.php\/wp-json\/wp\/v2\/media?parent=172"}],"curies":[{"name":"wp","href":"https:\/\/api.w.org\/{rel}","templated":true}]}}